he greatest common factor of x and 45.
15
Let x(u) = 6*u - 11. Let d be x(3). What is the highest common divisor of 56 and d?
7
Let d(t) = -t**3 + 8*t**2 + 11*t + 12. Let i be d(9). Let s be 2/((-6)/75*-1). Let f = -10 + s. What is the greatest common divisor of f and i?
15
Let f(l) = 2*l**2 - 9*l + 10. Let h be f(5). What is the highest common factor of h and 30?
15
Let r(s) be the third derivative of 2*s**2 + 0*s + 0 - 7/6*s**3 + 1/12*s**4. Let k be r(6). Calculate the highest common factor of 55 and k.
5
Let j(f) = 14*f**2 - 1. Suppose 0 = w - 0 + 1. Let y be j(w). Suppose c - 5 = -2*l + y, 0 = 4*c - 3*l - 72. What is the greatest common divisor of c and 18?
18
Let f(a) = a**3 - a**2 - 3*a + 228. Let d be f(0). What is the highest common factor of d and 12?
12
Let b be 1/(3/6 + 4/(-24)). Suppose -2*g + 5 - 1 = 0. Calculate the highest common factor of b and g.
1
Let k be (-130)/(-14) + ((-10)/(-7))/(-5). Let c be -2*3/1*-3. Calculate the highest common divisor of c and k.
9
Let c(u) = 4*u. Let s be c(1). Suppose 149 = j - 4*f - f, -5*j - s*f + 716 = 0. Calculate the highest common factor of j and 18.
18
Let l = 7 - -7. Let h be -2 + 0 + 28/4. Suppose -68 = -5*m - h*x + 17, -5*x - 62 = -2*m. What is the greatest common divisor of l and m?
7
Let q be 3*(-2 - 2/(-3)). Let u = 6 + q. Suppose u + 8 = 5*y. Calculate the highest common divisor of y and 1.
1
Let n(y) = y**2 - 12*y - 4. Let w be n(13). Let o be (-3)/((-3)/2) - -70. Calculate the highest common factor of o and w.
9
Let x be 2093/21 + (-6)/9. What is the highest common divisor of 9 and x?
9
Let u = -6 + 12. Suppose -3*x - 27 = -u*x. Calculate the highest common divisor of 36 and x.
9
Suppose 2*w - w + 144 = 0. Let p = -64 - w. Suppose 5*i = -o + 5*o - 65, 10 = 2*o + 2*i. What is the highest common divisor of o and p?
10
Let l(q) = 6*q - 32. Let m be l(7). What is the highest common divisor of m and 10?
10
Let a(r) = 14*r**2. Let g be a(1). What is the highest common factor of g and 154?
14
Let w be (-75)/6*36/(-10). Calculate the greatest common divisor of w and 30.
15
Suppose 6 = -q - 12. Let g be 6/27 + (-446)/q. What is the greatest common factor of g and 10?
5
Suppose -5*k - 1 = -i, 0*k - i = -k - 1. Suppose -2*r - 4 + 22 = k. Calculate the highest common divisor of 36 and r.
9
Suppose -2*f + d = 4*d - 53, -57 = -2*f + d. Calculate the highest common factor of f and 7.
7
Let u(o) = 27*o**2 - 2*o + 6. Let d be u(-6). Suppose -d = -5*s - 275. What is the greatest common divisor of 13 and s?
13
Let i = 544 - 524. Let q(l) = -l + 20. Let k = 1 + -1. Let m be q(k). Calculate the greatest common divisor of i and m.
20
Let s = 44 - 8. Let k be ((-4)/6)/((-2)/15). Suppose 5*z = -2*r - 7, -2*r + z = -k*r + 9. What is the highest common divisor of s and r?
4
Suppose 0 = 4*p + 20, -3 - 8 = u + 4*p. Calculate the highest common factor of u and 45.
9
Suppose -5*u + 34 = -26. Suppose 8 = -5*q - 2*c + 38, 4*c - 6 = -q. What is the highest common factor of u and q?
6
Let r be (-4)/6 + 44/12. Suppose -1 = -3*o - 2*x + 3, -4*o - r*x = -4. Calculate the greatest common factor of 10 and o.
2
Suppose 0 = -h - 2 + 1. Let k(i) = -7*i - 1. Let o be k(h). Calculate the greatest common factor of o and 66.
6
Let f be ((-3 - -2) + 4)*2. Let v be 5/(30/(-4))*f. Let a be (v/(-8))/((-1)/(-12)). What is the highest common factor of a and 48?
6
Let q be (-3)/(-5) - 448/(-20). Let x = 356 - 172. What is the highest common divisor of q and x?
23
Let h be (2/(-4))/((-1)/2). Let w = 3 - h. What is the highest common factor of 20 and w?
2
Suppose 2*c = -2*c + 84. Suppose 4*b - b = 9. What is the highest common factor of c and b?
3
Let q(d) = 3*d**2 - 5 - 2*d**2 + 6*d + 0*d**2 - 2*d**2. Let f be q(4). Calculate the highest common divisor of f and 1.
1
Suppose -2*o + v = -v - 28, 0 = 3*v + 12. What is the greatest common divisor of 10 and o?
10
Suppose 5*t - 4 = 16. Suppose 2*a = 4 + t. Suppose 0 = -4*d - 4*v + 3*v + 29, -4*d + 3*v = -41. Calculate the highest common factor of a and d.
4
Suppose -3*v + 15 = 2*v. Suppose 63 = v*r + 21. What is the highest common factor of r and 56?
14
Let n = -16 + 116. Let y be (-200)/(-16)*(2 + 0). What is the highest common factor of n and y?
25
Suppose -3*l = -z - 5, -4*z - 3*l + 15 = -10. Suppose 3*f + z*d - 150 = f, -f - 4*d = -69. Suppose w + 7 = 16. What is the highest common divisor of f and w?
9
Let a = 61 - 31. Let o = -13 + a. Calculate the highest common factor of 68 and o.
17
Suppose 30 = 5*p - 0*p. Let l be (8/p)/1*18. Suppose v - 48 = 2*r, 3*r + 144 = v + 2*v. Calculate the highest common factor of v and l.
24
Let o = -3 + 19. Let x(a) = a**2 + 5*a - 9. Let z be x(-7). Suppose 10*b - 415 = 5*b + 5*t, b = -z*t + 65. What is the greatest common divisor of b and o?
16
Suppose h + 40 = 6*h. Suppose 0 = 3*i + 4*t + 5, h = 2*i - 6*t + 3*t. Let g be (1 - 1) + 2/2. What is the greatest common divisor of i and g?
1
Suppose 4*x = 21 + 11. Calculate the greatest common divisor of 104 and x.
8
Let g be -2*(-2)/4*5. Let w be 3*(g/1 - 1). Let a be 112 - (-4 + 5 + 3). What is the highest common divisor of a and w?
12
Suppose 0 = -3*y + 7*y + 304. Let z = 153 + y. What is the greatest common factor of 11 and z?
11
Suppose -v - 38 = -l + v, -3*l + 2*v + 98 = 0. Calculate the greatest common divisor of l and 6.
6
Let i = -83 + 191. Suppose 0*x = -5*x - 15. Let o = x - -15. Calculate the greatest common factor of i and o.
12
Suppose 21 = 2*x - j, 0*x - 3*x = -j - 30. Let h(p) = -157*p**2 - 2*p + 1. Let l be h(1). Let u be 6/9 - l/6. What is the greatest common factor of u and x?
9
Let c = 46 - 26. Let j = -75 + 125. Calculate the highest common divisor of c and j.
10
Let l = 20 + 23. Let y = 3 + l. Let p be (-4)/(-6) - y/(-3). Calculate the greatest common factor of p and 176.
16
Suppose 4*r + 3*q - 57 = 116, 4*q - 84 = -2*r. Suppose -y + r = y. Let m be (1 - -11)/(4/y). Calculate the greatest common divisor of 6 and m.
6
Let w = 121 + -86. Let n be ((-2)/(-4))/((-2)/28). Let v(j) = j**2 + 5*j - 7. Let a be v(n). Calculate the highest common factor of a and w.
7
Suppose 4*v - 58 - 66 = a, 0 = 4*v + 5*a - 100. What is the highest common factor of v and 6?
6
Suppose 4*l - 186 = 5*r, l + 206 = 5*l + 5*r. Suppose 1 = 5*g - 34. Calculate the highest common factor of g and l.
7
Let a(t) = t**3 - 4*t**2 - 3*t - 5. Let g be a(5). Suppose g*i - 37 = -2*s, 0 = -s + 3*i + 23 + 12. What is the highest common factor of s and 39?
13
Let k = 82 + -74. What is the highest common divisor of k and 56?
8
Let k be 5/2 - (-3)/(-2). Suppose j - 121 = -k. What is the greatest common divisor of j and 24?
24
Let j be (126/8)/((-3)/(-16)). Calculate the highest common factor of j and 28.
28
Let t = -13 - -28. Calculate the greatest common divisor of 135 and t.
15
Let u be ((-4)/(-10))/((-2)/(-60)). Let p = -7 + u. Suppose -675 = -0*c - p*c. What is the greatest common factor of 15 and c?
15
Let y be (40/6)/((-2)/162). Let x be 1/((-3)/y) - 0. What is the greatest common factor of 20 and x?
20
Suppose 5*v = -2*z - 6, -2*z + 5*v + 1 + 13 = 0. Suppose 6 = -4*h - z. Let t be (-3)/(-6)*-3*h. What is the greatest common factor of t and 6?
3
Let b be 428/20 - 2/5. What is the highest common factor of 42 and b?
21
Let p = 35 + -19. Suppose -8 = -4*f + p. Calculate the highest common factor of f and 30.
6
Suppose 10*n - 16*n + 144 = 0. What is the greatest common factor of 8 and n?
8
Suppose 5*y - 49 = 11. Let w(b) = y + 13*b + 2*b**2 + 0*b**2 - b**2 - 4*b. Let h be w(-10). Calculate the highest common divisor of 11 and h.
11
Let r = 11 + -10. Let h be (-4 + -4)*r*-9. Calculate the greatest common factor of 8 and h.
8
Suppose 0 = -2*j + 2*w + 20, -4*w - 11 = -5*j + 34. Suppose -j*y + 4*y + 528 = 0. Suppose y = 3*g + g. Calculate the greatest common divisor of 12 and g.
12
Let z be ((-1)/(-2))/(3/60). Let f be (-4)/(-10) + 96/10. What is the highest common divisor of z and f?
10
Suppose 0*t + 2*t = -44. Let o be (-8)/(-44) - 84/t. Suppose -3*i = -4*i + 3*a + 18, o*i - 56 = 4*a. Calculate the highest common factor of 12 and i.
12
Let y(j) be the second derivative of 7*j**3/6 - j**2/2 + 2*j. Let w be y(3). Calculate the highest common factor of 220 and w.
20
Let j(d) = 5*d**2 - d + 1. Suppose -2 = -2*c + 2. Suppose -5*m + 